 Suppose -n = 2*a - w, -a + 5 + 6 = 2*n. What is the highest common factor of a and 9?
9
Let o(t) = -t**3 - 5*t**2 - t + 8. Let g be o(-5). Let l(i) = 11*i + 9. Let a be l(g). What is the greatest common divisor of 19 and a?
19
Suppose 2*j - 6 = 2*x + 4*j, 0 = -2*x + 2*j + 14. Suppose -19 = c - x*c. Let o = -41 - -117. Calculate the greatest common divisor of c and o.
19
Let y(c) = c**3 - 2*c**2 + c + 1. Let l be y(-3). Let v = l - -55. What is the highest common factor of 8 and v?
8
Let x = 31 - 52. Let j = 37 + x. What is the highest common factor of j and 2?
2
Let o(b) = b**2 - 13*b + 67. Let d be o(16). What is the highest common factor of 184 and d?
23
Let m(f) = -f**3 + 13*f**2 - 14*f - 22. Let j be m(11). Let i be ((-6)/9)/((-3)/45). Let p be 20/(-6)*(-18)/i. Calculate the greatest common divisor of j and p.
6
Suppose 35 = 5*b + 5*c, -28 + 8 = -2*b - 5*c. Suppose 3*p + 0*j = 3*j, 0 = 4*p + b*j - 9. What is the highest common divisor of 2 and p?
1
Let c = 3266 - 3026. Suppose 5*f - f = 120. Calculate the highest common factor of f and c.
30
Let n = 217 - 125. What is the highest common factor of 161 and n?
23
Let s be 2/(-3) + (-224)/(-12). What is the greatest common factor of 243 and s?
9
Let b = 116 + -124. Let c = b + 129. Calculate the greatest common factor of 11 and c.
11
Let y be (12 - 8)*1 + 224. Calculate the highest common divisor of 24 and y.
12
Suppose 7*h - 350 = -343. Suppose -2*c - 4*i = -26, -4*i + 3 = -1. Calculate the highest common divisor of c and h.
1
Suppose 2*f + 710 = 4*n, 2*n - 352 = -0*n + 4*f. Suppose -4*u - 54 = -2*r - n, -u - 5*r = -53. Let c = -4 - -7. Calculate the greatest common factor of u and c.
3
Let i = -702 - -1117. What is the greatest common factor of 166 and i?
83
Suppose 0*f + 990 = -3*f. Let r be (-3 - 0)/1 - f. Suppose j = -2*v + 58, -4*j - 105 = -2*v - r. What is the highest common factor of j and 7?
7
Suppose -3*y + 4*o + 13 + 31 = 0, -4*y + 17 = 3*o. Calculate the greatest common divisor of y and 72.
8
Let r be ((-192)/(-12))/(2/16). Let z(l) = -l**2 + l + 1. Let n be z(0). Let v be (1/n)/((-2)/(-64)). What is the highest common factor of v and r?
32
Let l = 5 - -24. Suppose -38*x + 1566 = -20*x. Calculate the highest common divisor of x and l.
29
Suppose -2*v = -4*q + 4, -34 = -5*v - 4*q + 26. Let h be (5 + (-4)/v)/((-6)/(-40)). Calculate the greatest common factor of h and 20.
10
Suppose -1 = 7*m - 162. What is the greatest common factor of m and 575?
23
Let y = -36 - -28. Let o be 2/y - 3*(-114)/24. Calculate the greatest common divisor of o and 126.
14
Suppose 5*v = 6*v + 13. Let d be 21 + -24 - (v - 0). What is the greatest common factor of 35 and d?
5
Suppose -3*r = t + 4*t - 93, -5*r + 127 = -t. Let v = -114 - -324. Let f = v + -145. Calculate the highest common factor of f and r.
13
Suppose 3*v + 158 = 2*z + 2*z, -5*v = -4*z + 162. Let k = z + -22. Calculate the highest common factor of 208 and k.
16
Let t(a) = 3*a**2 - 5*a + 4. Let i be t(3). Suppose -d + 3*d + 5 = 3*y, y = -3*d + 9. Let z be (21/6 - 3) + 7/d. What is the highest common factor of z and i?
4
Let h(u) = 2*u**3 + u**2 - 2*u + 31. Let j be h(0). What is the highest common divisor of j and 1736?
31
Let h(m) = m**3 + 6*m**2 - 3*m + 6. Let o be h(-6). Let x be (-30)/(-2)*(2 - -2). What is the highest common divisor of x and o?
12
Suppose 0*d - 28 = -7*d. Suppose d - 22 = -6*u. Calculate the greatest common divisor of 6 and u.
3
Let h be (-51)/2*(2 + 0 + -34). Calculate the greatest common divisor of 12 and h.
12
Let v = 1204 - 1117. What is the greatest common factor of 435 and v?
87
Suppose -4*o = -z + 32, -4*z - 4*o + 51 = -37. Calculate the highest common divisor of z and 30.
6
Let u(i) = 3*i**3 + 19*i**2 - 4*i - 35. Let k be u(-6). What is the greatest common factor of k and 2775?
25
Let y(g) = 8*g**2 + 4*g + 3. Let x = 2 + 0. Suppose -2*i - m = -6*i - 7, -x*i - 16 = 2*m. Let j be y(i). Calculate the highest common factor of j and 7.
7
Let c be 2 - (-13)/(-5) - 1213/(-5). Calculate the highest common factor of 22 and c.
22
Suppose 17*m - 294 = 10*m. Calculate the highest common divisor of 14 and m.
14
Let v be (-29)/(-1) + 2 + 1. Let i be v + ((-4)/(-2) - 1). Let x be (-8)/14 + 3262/49. What is the highest common divisor of x and i?
33
Suppose 9*v - 696 = 5*v. Calculate the greatest common divisor of v and 145.
29
Let o be -4*(-2)/(4/30). Let m be 2/10*-2 - (-1464)/o. Calculate the highest common factor of 96 and m.
24
Suppose 1800 = -1289*p + 1295*p. Calculate the highest common divisor of 4 and p.
4
Let v(f) = -f**2 + 21*f + 61. Let p be v(23). Calculate the highest common divisor of p and 75.
15
Let c be 8/(-3)*(-21)/14. Suppose 0 = 4*m - 0*m + 2*s - 64, -5*m + 80 = -c*s. Calculate the greatest common factor of 16 and m.
16
Let a(l) be the first derivative of -1 + 1/3*l**3 + 4*l - 2*l**2. Let y be a(4). What is the highest common factor of 8 and y?
4
Suppose -3*r = -3, 0*k - 4*k + 63 = -r. Calculate the highest common divisor of k and 128.
16
Let q be (-44)/(-3) + 2/(-3). Let a = 17 - q. Let f = a + 1. Calculate the highest common divisor of f and 4.
4
Suppose -3*n - 3*g = n + 21, n - 2*g - 3 = 0. Let m be (n + 0)*(-9 + -7). Calculate the greatest common factor of m and 6.
6
Suppose -2*s + 2*r = -0*r + 2, -s - 3 = -3*r. Suppose 258 = 3*b - s*n - 5*n, 0 = 2*b - 3*n - 171. Calculate the highest common factor of 54 and b.
27
Let z be 7506/54 - 2*2. What is the greatest common divisor of z and 783?
27
Let t be 3/(16/5 - 3). Suppose t = 4*c - 21. What is the greatest common divisor of c and 9?
9
Let h(y) = 311*y + 56. Let r be h(3). What is the greatest common factor of 43 and r?
43
Let m be (32/6 + (-4)/1)/(5/30). Suppose -2*u + 40 = 3*u. Calculate the greatest common divisor of u and m.
8
Let r(l) be the third derivative of -l**4/12 + l**3 + 26*l**2. Let j be r(-3). Calculate the highest common divisor of j and 12.
12
Suppose h - 10 = -2*c + 5, 4*h - 20 = 0. Suppose 2*u = -c*b + b + 228, -4*u = b - 442. Let r be 31/3 - (-1)/6*4. What is the greatest common divisor of r and u?
11
Suppose 6*q + 758 = 764. Let z(y) = -y**3 + 3*y**2 + y. Let u be z(3). Calculate the greatest common factor of q and u.
1
Suppose -8 + 2 = -3*a - 3*c, -8 = 2*c. Suppose 0 = -2*g + g + 12. Let q = g - -42. Calculate the highest common factor of q and a.
6
Suppose -i = -2*i + 4, 4*s + i = 20. Suppose -s*d = d - 40. Calculate the highest common factor of 2 and d.
2
Let b(x) = 65*x**2 + x. Let p be b(-1). Let l = p + -53. Calculate the highest common factor of l and 121.
11
Let t(b) = -b + 15. Let d be 1/(4*4/112). Let i be t(d). Let j(s) = s**3 + 9*s**2 + 4*s + 2. Let u be j(-7). Calculate the greatest common divisor of i and u.
8
Suppose -2*b + 431 = 255. What is the highest common divisor of 110 and b?
22
Suppose 8 = -j + 3*j. Suppose f + j*r + 52 = 5*f, -r = -3*f + 31. Suppose 64 - 1603 = -f*n. Calculate the greatest common factor of 19 and n.
19
Let l(q) = 6*q**2 + 5*q - 7. Let s(k) = -11*k**2 - 10*k + 13. Let a(t) = -5*l(t) - 3*s(t). Let f be a(-4). What is the greatest common factor of 48 and f?
24
Let r = 58 - -10. What is the greatest common factor of r and 8?
4
Let w(h) = -9*h + 1. Let a be w(4). Let q(p) = 2*p**2 - 15*p + 7. Let l be q(6). Let f = l - a. Calculate the highest common factor of f and 12.
12
Let a(t) = -648*t**3 + 3*t**2 + 5*t + 3. Let n be a(-1). Calculate the highest common divisor of 11 and n.
11
Let n = -912 + 922. Let w = -2 + 4. Suppose 250 = 3*p + w*p. What is the highest common factor of p and n?
10
Let t be (6 - 4/2)*6. Let i be -3 + 4 + 3 - 2. Let d be -4 + i + 9 + (-4)/4. Calculate the highest common divisor of d and t.
6
Suppose -88 = -185*y + 177*y. Suppose -17*m + y*m + 240 = 0. Suppose 0 = -0*f + f - 60. Calculate the highest common factor of m and f.
20
Let j be 10/(-15) + (-50)/(-3) + 3. Let m(a) = a**2 - 21*a + 40. Let n be m(j). What is the highest common factor of n and 7?
1
Suppose -2*i = 2*i + z - 860, -5*z + 196 = i. Suppose -4*v + 76 = -5*q, 0*v - 16 = -v + 2*q. Calculate the highest common divisor of v and i.
24
Let r(t) = -t**3 + 18*t**2 - 27*t - 17. Let a be r(16). Calculate the highest common factor of a and 45.
9
Suppose -g + w = -38, 4*g - 140*w + 144*w - 144 = 0. Calculate the greatest c